{"id":8,"date":"2013-12-22T22:08:48","date_gmt":"2013-12-22T22:08:48","guid":{"rendered":"http:\/\/localhost\/wordpress\/?page_id=2"},"modified":"2018-09-27T20:07:45","modified_gmt":"2018-09-27T18:07:45","slug":"talks","status":"publish","type":"page","link":"https:\/\/markus-kromer.de\/wordpress\/talks\/","title":{"rendered":"Talks"},"content":{"rendered":"<h3>Colloquia and seminars<\/h3>\n<ol>\n<li>ARI Kolloquium, Astronomisches Recheninstitut, Zentrum f\u00fcr Astronomie der Universit\u00e4t Heidelberg, Heidelberg, Germany, May 18, 2017<\/li>\n<li>Lab Meeting, Heidelberg Institute\u00a0for Theoretical Studies, Heidelberg, Germany, April 3, 2017<\/li>\n<li>Astrophysikalisches Seminar, Julius-Maximilians-Universtit\u00e4t W\u00fcrzburg, W\u00fcrzburg, Germany, December 19, 2013<\/li>\n<li>Colloquium, Oskar Klein Centre, Stockholm University, Stockholm, Sweden, October 15, 2013<\/li>\n<li>Institute seminar, Max-Planck-Institut f\u00fcr Astrophysik, Garching, Germany, June 24, 2013<\/li>\n<li>Kavli-IPMU supernova group meeting, Kashiwa, Japan, October 24, 2012<\/li>\n<li>Stellar group meeting KITP, Santa Barbara, USA, August 31, 2011<\/li>\n<li>Astrophysikalisches Kolloquium, Institut f\u00fcr Astronomie und Astrophysik,<br \/>\nEberhard-Karls-Universit\u00e4t T\u00fcbingen, T\u00fcbingen, Germany, May 30, 2011<\/li>\n<li>Science Day of research area G of the Excellence Cluster Universe,<br \/>\nTechnische Universit\u00e4t M\u00fcnchen, Garching, Germany, May 9, 2011<\/li>\n<li>Institute seminar, Max-Planck-Institut f\u00fcr Astrophysik, Garching, Germany, November 29, 2010<\/li>\n<li>Colloquium, Astronomical Institute of the Czech Academy of Sciences, Ond\u0159ejov, Czech Republic, April 21, 2010<\/li>\n<li>Astrophysikalisches Seminar, Institut f\u00fcr Astronomie und Astrophysik,<br \/>\nEberhard-Karls-Universit\u00e4t T\u00fcbingen, T\u00fcbingen, Germany, December 7, 2009<\/li>\n<\/ol>\n<h3>Invited talks at conferences and meetings<\/h3>\n<ol>\n<li>&#8220;Radiation Transfer and Explosive Thermonuclear Burning in Supernovae&#8221;, International Workshop, Weizmann Institute of Science, Rehovot, Israel, June 17-28, 2018<\/li>\n<li>&#8220;Observational Signatures of Type Ia Supernova Progenitors III&#8221;, International Workshop, Lorentz Center, Leiden, Netherlands, February 5-9, 2018<\/li>\n<li>&#8220;The AGB-Supernovae Mass Transition&#8221;, International conference, Frascati, Italy, March 27-31, 2017<\/li>\n<li>&#8220;The Physics of Supernovae&#8221;, International Workshop, Munich Institute for Astro- and Particle Physics, Garching, Germany, August 22 &#8211; September 16, 2016<\/li>\n<li>Oskar Klein Centre Science days, Stockholm, Sweden, November 12-13, 2015<\/li>\n<li>Nuclei in the Cosmos XIII, International conference, Debrecen, Hungary, July 7-11, 2014<\/li>\n<li>&#8220;The Unquiet Universe&#8221;, International Conference, Cefalu, Italy, June 9-14, 2014<\/li>\n<li>IAS SNe Ia workshop, IAS Princeton, NJ, USA, February 10-12, 2014<\/li>\n<li>Science Week 2012, Excellence Cluster Universe, Technische Universit\u00e4t M\u00fcnchen, Garching, Germany, December 3, 2012<\/li>\n<li>Fireworks Meeting, Oxford, UK, April 19-21, 2012<\/li>\n<li>Meeting of the scientific council of the John-von-Neumann Institute, Darmstadt, Germany, April 15, 2011<\/li>\n<\/ol>\n<h3>Contributed talks at conferences and meetings<\/h3>\n<ol>\n<li>18th workshop on nuclear astrophysics, Ringberg Castle, Germany, March 14-18, 2016<\/li>\n<li>Splinter session on &#8220;Explosive stellar transients&#8221; at the AG annual meeting, Bamberg, Germany, September 22-26, 2014<\/li>\n<li>iPTF\/ZTF Workshop, Stockholm, Sweden, June 2-6, 2014<\/li>\n<li>17th workshop on nuclear astrophysics, Ringberg Castle, Germany, April 7-12, 2014<\/li>\n<li>MPA\/ESO\/MPE\/EXC conference on &#8220;Supernovae<br \/>\nIlluminating the Universe&#8220;, Garching, Germany, September 10-14, 2012<\/li>\n<li>Supernova Factory Collaboration Meeting, Berkeley, USA, May 01-04, 2012<\/li>\n<li>16th workshop on nuclear astrophysics, Ringberg Castle, Germany, March 26-31, 2012<\/li>\n<li>Supernova Factory Collaboration Meeting, Bonn, Germany, October 17-21, 2011<\/li>\n<li>Supernova Factory Collaboration Meeting, Lyon, France March 14-18, 2011<\/li>\n<li>26th IAP annual colloquium (Paris; June 28-July 2, 2010)<\/li>\n<li>15th workshop on nuclear astrophysics (Ringberg Castle, Germany; March 22-27, 2010)<\/li>\n<li>Conference on &#8220;Recent directions in astrophysical quantitative spectroscopy and radiation hydrodynamics&#8221;<br \/>\nBoulder, Colorado, USA, March 30-April 3, 2009<\/li>\n<li>Conference on &#8220;Probing stellar populations out to the distant Universe&#8221;,<br \/>\nCefalu, Sicily, Italy, September 7-19, 2008<\/li>\n<li>14th workshop on nuclear astrophysics, Ringberg Castle, Germany, March 10-15, 2008<\/li>\n<\/ol>\n<h3>Popular talks<\/h3>\n<ol>\n<li>Arbeitskreis Astronomie im Studium Generale der Universit\u00e4t Stuttgart, Stuttgart, Germany, May 24, 2017<\/li>\n<\/ol>\n","protected":false},"excerpt":{"rendered":"<p>Colloquia and seminars ARI Kolloquium, Astronomisches Recheninstitut, Zentrum f\u00fcr Astronomie der Universit\u00e4t Heidelberg, Heidelberg, Germany, May 18, 2017 Lab Meeting, Heidelberg Institute\u00a0for Theoretical Studies, Heidelberg, Germany, April 3, 2017 Astrophysikalisches Seminar, Julius-Maximilians-Universtit\u00e4t W\u00fcrzburg, W\u00fcrzburg, Germany, December 19, 2013 Colloquium, Oskar &hellip; <a href=\"https:\/\/markus-kromer.de\/wordpress\/talks\/\">Continue reading <span class=\"meta-nav\">&rarr;<\/span><\/a><\/p>\n","protected":false},"author":1,"featured_media":0,"parent":0,"menu_order":0,"comment_status":"closed","ping_status":"closed","template":"sidebar-page.php","meta":[],"_links":{"self":[{"href":"https:\/\/markus-kromer.de\/wordpress\/wp-json\/wp\/v2\/pages\/8"}],"collection":[{"href":"https:\/\/markus-kromer.de\/wordpress\/wp-json\/wp\/v2\/pages"}],"about":[{"href":"https:\/\/markus-kromer.de\/wordpress\/wp-json\/wp\/v2\/types\/page"}],"author":[{"embeddable":true,"href":"https:\/\/markus-kromer.de\/wordpress\/wp-json\/wp\/v2\/users\/1"}],"replies":[{"embeddable":true,"href":"https:\/\/markus-kromer.de\/wordpress\/wp-json\/wp\/v2\/comments?post=8"}],"version-history":[{"count":13,"href":"https:\/\/markus-kromer.de\/wordpress\/wp-json\/wp\/v2\/pages\/8\/revisions"}],"predecessor-version":[{"id":320,"href":"https:\/\/markus-kromer.de\/wordpress\/wp-json\/wp\/v2\/pages\/8\/revisions\/320"}],"wp:attachment":[{"href":"https:\/\/markus-kromer.de\/wordpress\/wp-json\/wp\/v2\/media?parent=8"}],"curies":[{"name":"wp","href":"https:\/\/api.w.org\/{rel}","templated":true}]}}